5151*o = 170. What is a(o)?
8
Suppose -435 = -317*m + 172*m. Let b(p) be the first derivative of -p**4/4 + p**3 + p**2/2 - 4*p - 1. What is b(m)?
-1
Suppose 3 = -a, 8 = 2*z - 5*a - 11. Suppose k - 5*m = 18, -4*k + z*k + m = -18. Let n(t) = -t**2 + 9*t - 3. Calculate n(k).
5
Let i(k) = 4*k**2 - 21*k - 17. Let n(d) = -d**3 + d**2 + 9*d + 18. Let y be n(4). What is i(y)?
1
Let z(i) = -17*i**2 + i + 18. Let j(w) = -30*w**2 + 3*w + 37. Let y(c) = 4*j(c) - 7*z(c). What is y(-5)?
-28
Let b(s) = s**3 - 10*s**2 + 8*s + 8. Let y(a) = -18*a - 297. Let o be y(-17). What is b(o)?
-1
Let y(g) be the second derivative of g**3/6 - 7*g**2/2 - g. Suppose 59*h - 10*h = 2548. Suppose 2*s = -9*x + 5*x + h, -s = -2*x + 18. Calculate y(x).
4
Let f be 2 - (0 - 0)/2. Let q(t) = 3*t - 4. Let k be q(f). Let d(x) = -x**2 + 5*x + 3. Let y be d(k). Let i(s) = s**2 - 9*s + 6. Give i(y).
6
Let r = -6 + 12. Let x(t) = -31*t + 6*t - 8 + 6*t + 4*t + 12*t. Calculate x(r).
-26
Let n be 47 + (-13 - 20) + -15. Let w(m) = -m**2 + 3*m + 2. Let a be w(3). Let t(z) = -z**2 + z**2 - z**a - z. Determine t(n).
0
Let z(i) = i**3 + 8*i**2 + 7*i - 10. Suppose t + 2*x = 73 - 7, 2*x = -2*t + 126. Suppose 0*n - n + 24 = -4*b, -2*n + 4*b = -t. Let v = n - 43. What is z(v)?
-10
Let o be 8/(-2)*(5 + -6). Let c = -8 + o. Let d(r) = -2*r + 139164 - 139167 - r. Determine d(c).
9
Let t(z) be the third derivative of z**4/24 + z**3/2 - z**2 + 278*z. What is t(-7)?
-4
Suppose -5*z + 26*z = -42. Let h(r) = 17*r + 27. Let k be h(z). Let a(x) = -x**2 - 6*x - 1. Determine a(k).
-8
Let v(x) = x**3 + 4*x**2 - 7*x - 7. Let k = -135 - -62. Let d = k - -73. Suppose j + 113 - 108 = d. Determine v(j).
3
Let x be (57/(-9))/(-2*(-3)/(-18)). Let p(q) = -q**3 + 3 - 9 + 6*q + x + 9*q**2 - 4*q. What is p(9)?
31
Suppose -26 = -5*j + 14. Suppose 0 = 5*a + 20, d + 59 = -4*a + 45. Let c(x) = -j*x**2 + 2 - 2*x + 12*x**2 - 1 - 15*x**d. Calculate c(1).
-12
Let c(t) = -31 - 6*t**2 - 17 + 941*t**3 + 17*t - 940*t**3. What is c(5)?
12
Let g(b) = -7*b**2 + 3*b - 12. Let v(p) = -17*p**2 + 7*p - 31. Let y(x) = -5*g(x) + 2*v(x). What is y(1)?
-2
Let w(q) = 6*q - 28. Let p be w(9). Let h(d) = 9*d + 8 - p*d + 16*d. What is h(4)?
4
Let v be (0 - 2 - 6)/(2*-1). Suppose -k - v = -2*k, 5*k = s + 24. Let h(p) = 6*p + 5. Calculate h(s).
-19
Let o(t) = 19*t**3 - t**2 - 2*t + 2. Suppose -2610 = 26*q - 2636. Calculate o(q).
18
Let y(i) = -22 - 7*i + 85 - 49 - 15. Determine y(-3).
20
Let c = -13502 - -13508. Let b(i) = -2*i**2 + 14*i + 6. Give b(c).
18
Let v(u) = -u - 8. Let s be -3 + 5 - -6*3. Let o = s + -19. Suppose 2*q - 17 = p, 2*p + 3*q - o = -0. Determine v(p).
-1
Let g(j) = j**3 - 14*j**2 + 13*j + 9. Let w = 2169 + -2156. Give g(w).
9
Let k(u) be the third derivative of -35*u**4/12 - 205*u**3/3 - 2*u**2 - 39*u - 20. What is k(-6)?
10
Let g be ((-16)/3)/4*(-6)/4 + -4. Let u(x) = -16*x - 17. Give u(g).
15
Let w(b) = -2*b - 2. Let n(v) = 24*v + 20. Let c(d) = n(d) - 5*w(d). Calculate c(-1).
-4
Let b(w) be the second derivative of -2*w**4/3 - 7*w**3/6 + 61*w**2/2 + w - 5. Let o(q) = 13*q**2 + 11*q - 92. Let r(u) = -8*b(u) - 5*o(u). Determine r(0).
-28
Let g(b) = -2*b + 4. Let d(u) = 4*u + 23. Suppose -5*y + 6*y + 1 = 0, 0 = -o + 5*y. Let w be d(o). Determine g(w).
-2
Let o(t) = -5*t - 37. Suppose -67*s - 9*s + 32*s = 0. What is o(s)?
-37
Let k(a) = -93*a - 120*a + 7 + 214*a - a**2. What is k(8)?
-49
Suppose -3*s + 16 = k, -k + 3*s + 10 = 4*s. Let q(t) = 4*t + 34. Let p(c) = -3*c - 24. Let o(a) = -3*p(a) - 2*q(a). Determine o(k).
11
Let n(p) = 0 + 2*p + 0*p - 6*p - 8 + 3*p. Determine n(-6).
-2
Let w(j) = 3*j**3 + j**2 - 2*j. Let a(h) = -h**2 + 19*h + 9. Let k be a(19). Suppose -k - 3 = 6*r. Calculate w(r).
-16
Let x(y) = -5*y**3 + 22*y**2 + 31*y + 13. Let g(q) = -q**3 + q**2 + 5*q. Let l(o) = -6*g(o) + x(o). Let k(s) = -s**2 + s - 16. Let m be k(0). What is l(m)?
-3
Let x = 3286 - 3301. Let h(i) = i**2 + 17*i + 18. Give h(x).
-12
Let d(v) be the third derivative of v**4/24 - 5*v**3/2 + v**2. Let q be ((-10)/(-15) - 7 - (0 - 6))*0. What is d(q)?
-15
Let u(q) = -6*q + 276. Let r(b) = -4*b + 238. Let h(k) = 6*r(k) - 5*u(k). Determine h(-9).
-6
Suppose 3*f - 380*z + 385*z = 40, 4*f = z + 38. Let b(m) be the second derivative of -m**2 - f*m + 0 + 5/6*m**3. Give b(-3).
-17
Let d be 8/(-3)*(0 + 3). Let q(u) = 4*u**2 + 10*u - 43. Let g(k) = 9*k**2 + 21*k - 97. Let w(c) = -3*g(c) + 7*q(c). Determine w(d).
-2
Let q(j) = -2*j**3 + j**2. Let t(k) = -7*k**3 - 11*k**2 - 16*k + 39. Let x(d) = -4*q(d) + t(d). Determine x(16).
39
Let w(s) = 75418*s + 0 - 2 - 75426*s + 2*s**2. Calculate w(5).
8
Let j(r) be the first derivative of -r**4/4 - 7*r**3/3 - 7*r**2/2 - 7*r + 66. Suppose 2 - 1 = g - 5*v, 0 = -5*g + 3*v + 27. Suppose 11*q = g*q - 30. Give j(q).
-1
Let y(o) be the second derivative of 17 - 1/6*o**4 - 1/6*o**3 + 2*o + 1/2*o**2. Let b = -2 + 3. What is y(b)?
-2
Let r(j) = j**3 - 9*j**2 + 3*j - 2. Let g(w) = w - 4. Let c(k) = -4*g(k) - r(k). Determine c(8).
26
Let t(f) = 47*f + 13. Let g(y) = -3*y - 2. Let d(b) = -13*g(b) - t(b). Give d(6).
-35
Suppose -39*x + 4*r + 8 = -43*x, -20 = -2*x + 4*r. Let f(n) be the first derivative of -5 - 3*n - 5/2*n**x + 1/3*n**3. Determine f(4).
-7
Suppose 9*q + q = 20. Let i(n) = -6*n**q + 6 - 7 + 3*n**2 - n**3. What is i(-4)?
15
Let w(z) be the second derivative of -z**5/20 + z**4/4 + z**3/3 + z**2/2 - 7*z - 158. What is w(3)?
7
Let a(w) be the first derivative of 1/2*w**2 - 119 - 3*w. What is a(0)?
-3
Let v(i) = 16 - 3*i + 52 - i**2 + 0 - 35. Determine v(6).
-21
Let m be (11/(-22))/(5/50). Let z be (6/(-8) - 1)*(-1 - m). Let a(d) = d**2 + 8*d + 8. Give a(z).
1
Suppose 0 = 6*z + 23 + 7. Let d(l) = -6*l**3 + l**2 - 9*l - 5. Let s(w) = 7*w**3 + 10*w + 5. Let y(o) = z*s(o) - 6*d(o). Calculate y(5).
0
Let b = 265 - 267. Let c be (0/b)/(6/3). Let j(y) = y**3 - y**2 - y - 5. What is j(c)?
-5
Let w(m) = m + 5. Let g(d) = d. Let t(r) = 3*g(r) + w(r). Let x be t(4). Let j(s) = 16*s**2 + 1 - 2*s - x*s**2 - 3*s**3 + 2*s**3. Calculate j(-5).
11
Let r(c) be the first derivative of c**4/4 + 8*c**3/3 - c**2/2 + 10*c - 1728. Give r(-7).
66
Let p be 1/4 + 252/(-48). Let d(i) = 3*i + 4. Let n be (-2)/(3 - 5) + 3. Let s(b) = -4*b - 5. Let a(u) = n*s(u) + 5*d(u). What is a(p)?
5
Let l(s) be the second derivative of 3*s**3/2 + 91*s**2/2 - 75*s. Let g be l(-11). Let k(d) = d - 3. Calculate k(g).
-11
Suppose -b - 78 = -0*b - 80. Let i(h) be the first derivative of 26 + 0*h**3 - 14*h + 1/4*h**4 + 0*h**b. Give i(0).
-14
Let c(m) be the first derivative of -m**3/6 + m**2/2 + m - 2. Let i(w) be the first derivative of c(w). Let k be 4/(7 - 3) - -5. What is i(k)?
-5
Let s(o) = 3*o**2 + o - 7. Suppose 4*k + 16 = -5*i, -10*i - 12 = 3*k - 9*i. Determine s(k).
37
Let l be 6 + (1 + -13)*16/(-16). Suppose -2*n + l = 4*t, 2*n + 2*t - 14 = -0*n. Let r(a) = a**2 - 4*a + 7. What is r(n)?
12
Let x = -30415 - -30423. Let b(z) = z**3 - 1. Let g be b(2). Suppose x*c + g*c = 0. Let r(s) = s**3 - s**2 - s + 16. Calculate r(c).
16
Let z be (-23562)/952*8/(-9). Let m(v) = v**3 - 24*v**2 + 41*v + 63. What is m(z)?
-3
Let n be 4/12 - 228/(-18). Let h be ((-91)/14)/n*-2. Let x(w) = -w. Let k(i) = 48*i. Let j(t) = 2*k(t) + 84*x(t). What is j(h)?
12
Let u = -176 + 61. Let r be 1/4 - u/20. Let k(n) be the third derivative of n**6/120 - 7*n**5/60 + n**4/12 + 7*n**3/6 + 6*n**2 + 67. Give k(r).
-17
Suppose l - 2 = -7. Let n(q) = 5*q**3 + 58*q**2 - 2*q + 2. Let z(a) = -6*a**3 - 71*a**2 + 3*a - 3. Let k(w) = 5*n(w) + 4*z(w). Determine k(l).
13
Let a(u) = 9*u - 5. Let n be (-18)/4*288/(-432). Calculate a(n).
22
Let b(o) = -2*o - 39. Let q = -3222 + 3208. Give b(q).
-11
Let p(q) = -1 + 8 + 2*q - 6 - 8*q - 14. Let z be ((-42)/(-70))/((-2)/10). What is p(z)?
5
Let y(i) = 11 + 27*i + 10 - 7184078*i**2 + 7184079*i**2 + 0*i + 98. What is y(-21)?
-7
Let u(a) be the first derivative of -a**3/3 + 5*a**2 + 43*a - 152. Let n be u(13). Let j(c) = c**3 - 2*c**2 - 6*c + 5. What is j(n)?
13
Let c(d) be the third derivative of -d**6/120 - 23*d**5/60 - 59*d**4/24 + 5*d**3/6 + d**2 - 1836. Give c(-20).
-15
Let b(k) be the first derivative of -1/20*k**5 - 3/2*k**2 + 30*k + 1/3*k**3 - 11 - 1/4*k**4. Let c(r) be the first derivative of b(r). Give c(-4).
5
Let d(t) = 4*t**2 - 2*t + 1. Let m be d(-2)